 50. What is the thousands digit of b(8)?
1
Suppose 0*q + 2*q + 4 = 0. What is the units digit of ((-610)/(-20))/((-1)/q)?
1
Let l be 1 - ((-1 - (3 - 3)) + 15). Let c = 123 + l. What is the hundreds digit of c?
1
Suppose 0 = -z + 3, 2*g - 2*z + 0*z - 2 = 0. Suppose 2*k + 232 = g*k. What is the tens digit of k?
1
Suppose 0 = -3*i + w + 3889, -59*w = -4*i - 60*w + 5197. What is the units digit of i?
8
Suppose k + 143 = -4*s - 171, s + 87 = 4*k. What is the units digit of 2*(-3 - s - -3)?
8
Let v(t) = 13*t**2 + 3*t - 1. Let p be v(3). Suppose -p = 7*m - 8*m. What is the tens digit of m?
2
Let w(u) be the third derivative of u**5/30 - u**4/6 - 2*u**3/3 - 12*u**2. What is the units digit of w(-4)?
4
Let a be 30/20 - (1 - (-9)/(-2)). Suppose 2*z = 2*b - 238, 0 = a*b - z - 557 - 38. What is the hundreds digit of b?
1
Let r be (-2170)/(-12) - 3/(-18). Let b = -74 + r. What is the hundreds digit of b?
1
Let p(z) = -31*z**2 - 5. Let m(f) = 32*f**2 + 6. Suppose -8 = 2*j - 0*j. Let x(h) = j*m(h) - 5*p(h). What is the tens digit of x(1)?
2
What is the units digit of (471/(-2))/1*24/(-9)?
8
Suppose -2 + 11 = -3*p. Let u(w) = -w**3 - 3*w**2 - 3*w - 4. Let a be u(p). Suppose -5 = a*l - 30. What is the units digit of l?
5
Suppose s - 8 = 3*s. Suppose -9*z + 50 = -148. Let r = s + z. What is the units digit of r?
8
Let o = -64 + 146. Suppose 5*i + 32 = 5*b - b, -3*i - 24 = -4*b. Suppose -z + o = b*p + 7, -5*z = 15. What is the tens digit of p?
2
Let l be ((-92)/5)/(2/(-5)). What is the units digit of (-17)/(-4)*(-2 - l)/(-3)?
8
Let l = 39 + -28. Suppose v - 47 + l = 0. What is the tens digit of v?
3
Let i(d) be the first derivative of d**2/2 + 12*d - 2. Let v be i(-10). Suppose -v*j = 3*j - 85. What is the tens digit of j?
1
Let o = 5 - 14. Let n(r) be the second derivative of -r**3/2 + 3*r**2/2 + 14*r. What is the tens digit of n(o)?
3
What is the tens digit of 27769/63 + -5 + (-4)/(-18)?
3
Let o = 6 - -9. Let v = o + -11. Suppose 99 - 7 = v*n. What is the tens digit of n?
2
Let i(d) = 1 - 4*d + 6*d - 2 - d**3 + 3*d**3. What is the units digit of i(3)?
9
Suppose 44*g = 57*g - 6695. What is the tens digit of g?
1
Let o be 209/66 + (-2)/12. What is the units digit of (1/o)/((-3)/(-1818))?
2
Suppose -5*i = 5*k - 575, 5*i = 5*k + 3*i - 540. Suppose -t + 2*d = d - 61, -k = -2*t - 4*d. What is the units digit of t?
9
Let p(m) = -6*m - 14. Let x be p(-6). Suppose 4*i + x = 5*i. Suppose 5*d - 4*z = 78, 0 = -4*d + 2*d - 3*z + i. What is the units digit of d?
4
Let k = 1961 + -1475. What is the units digit of k?
6
Let l be -279*(-3 - (-6 - -2)). What is the units digit of l/(-6) - 4/8?
6
Let f(x) = 15*x**2 - 2*x + 66. What is the hundreds digit of f(12)?
2
Let t(s) = -44*s + 3. Let y(k) = -k**2 + 7*k + 7. Let h be ((-16)/(-4))/((-2)/(-4)). Let i be y(h). What is the tens digit of t(i)?
4
Let z = 120 - -56. What is the units digit of z?
6
Let r(o) = 30*o. Let v(i) = -15*i. Let y(d) = -6*r(d) - 13*v(d). What is the tens digit of y(2)?
3
Let n = -36 + 44. Suppose p = 5*q + 197, 3*q - 4 = n. What is the hundreds digit of p?
2
Suppose -i + 46 = 13. Suppose i*d = 36*d - 630. What is the units digit of d?
0
Let g = 13 + -5. What is the tens digit of g/(-6)*180/(-12)?
2
Let d(s) = -8*s - 1. Let m(o) = -7*o - 1. Let b(f) = f**2 - 2*f + 3. Let q be b(2). Let x(w) = q*d(w) - 4*m(w). What is the units digit of x(6)?
5
Let o be 4 - (-20)/12*3. What is the units digit of (80/(-8) - o)*(-10 + 1)?
1
Suppose -4*m + 935 = 3*r, -r + 3*m + 154 = -162. What is the units digit of r?
3
Let y(k) = 34*k**2 - 6*k - 40. What is the hundreds digit of y(-3)?
2
Let g = -1220 + 3160. What is the tens digit of g?
4
Let s(w) = -w**3 + 14*w**2 + 15*w + 14. What is the units digit of s(-6)?
4
Let h be ((-5)/(-2) - 1)*6. Let k(o) = 12*o + h - 1 - 11*o. What is the units digit of k(-7)?
1
Let x = -2 + 8. Let n(a) = -a**2 - a + 2. Let v be n(x). What is the tens digit of 70/3 - v/(-30)?
2
Suppose 35*f = 24*f + 26037. What is the hundreds digit of f?
3
Suppose 0 = -6*j + 777 + 129. Let r = 383 - j. What is the hundreds digit of r?
2
Let t(l) = -l - 2. Let n be t(1). What is the units digit of (-12)/60*5/n*813?
1
Let p be -9*3*(-1)/9. Suppose -v + p*v - 12 = 0. What is the units digit of v?
6
Let b(i) = 291*i**2 - 4*i - 6. What is the tens digit of b(-2)?
6
Suppose 10*a - 8 = 6*a. Suppose -f + 4 = a. What is the tens digit of f/(-8) - (-1275)/60?
2
Let y = -928 - -556. Let i = -205 - y. What is the hundreds digit of i?
1
Let r(y) = -y**3 + 7*y**2 - 8. Suppose 2*n - 9 = 3. Suppose -2*g + 5 = 3*f - 5, 3*g - n = -3*f. What is the tens digit of r(f)?
2
Suppose -6*t = -3*t + 4*w - 48, -4*t = -5*w - 64. Let r = t - 12. Suppose 2*n + 1 = -5*v, -r*v + 2*n + 15 = 5. What is the units digit of v?
1
What is the tens digit of (78/4 + -4)*(0 - -2)?
3
Let u = 1366 + -823. What is the hundreds digit of u?
5
Let q = -1069 - -4184. What is the hundreds digit of q?
1
Suppose 3*q = 4*x - 14285, -3*x + 4*x + q - 3573 = 0. What is the tens digit of x?
7
Suppose 0 = -2*n - 0 - 6. What is the units digit of (1 - n)*(-1)/(4/(-124))?
4
Let a(p) = -p**3 + 10*p**2 - 5. Suppose -2*k + 0*k - 2*h + 4 = 0, 4*h + 13 = -k. What is the units digit of a(k)?
2
Suppose 5*d - 8*l = -7*l + 7072, 2*l - 5652 = -4*d. What is the units digit of d?
4
Suppose 0 = 5*x + 5*f - 20, -3*f + 6 = -2*x + 2*f. What is the tens digit of -4 + (152/4 - x)?
3
Let w(x) = 216*x + 1. What is the tens digit of w(6)?
9
What is the tens digit of 8246/9 + (-44)/198?
1
Let s(f) = f + 1. Let c be s(3). Suppose -c*a + 10 = 5*u - 2*a, u = 4*a + 2. Suppose t - u*t + 20 = 0. What is the units digit of t?
0
Let l(m) = -3*m + 22 + 2*m + 6*m - 4*m. What is the tens digit of l(-9)?
1
Let f = -1173 + 1810. What is the tens digit of f?
3
Suppose 7*b - 3*b = 848. Suppose 4*o = -2*x + b, -2*x + 107 = 2*o - 101. What is the hundreds digit of x?
1
Let s = -525 + 2270. What is the thousands digit of s?
1
What is the tens digit of 202402/102 + 21/(-9)?
8
What is the tens digit of (-4 + 7/2)*-1076?
3
Suppose -2*l + 4*u + 512 = 0, 0 = 2*l + 5*u + 15 - 527. What is the hundreds digit of l?
2
Let d(f) = f**3 + 17*f**2 - 13*f + 27. What is the tens digit of d(-16)?
9
Let y = 14 - 10. Let l = 18 - 14. Suppose y*h - 3*q = 120, -l*q = -2*h - 0*h + 60. What is the units digit of h?
0
Let p = 5932 - 3220. What is the hundreds digit of p?
7
Suppose -7*l + 10*l = -6. What is the units digit of (-8)/44 + (l - 468/(-33))?
2
Let h be (-2 - -1)*(-21 + 134). Let g = -46 - h. What is the units digit of g?
7
Let f(x) = 22*x + 155. What is the hundreds digit of f(23)?
6
Suppose -16 = -5*g + 9. Suppose 0 + 4 = w, 3*t + w + g = 0. Let o(x) = 5*x**2 + 5*x + 5. What is the units digit of o(t)?
5
Let j(r) = r - 3. Let u be j(-3). Suppose -13 + 40 = 3*y. What is the units digit of y/u*(1 - 3)?
3
Suppose -1713 = -10*l - 413. What is the units digit of l?
0
Suppose -4*p = 45 - 29. Let w(z) = -3*z**3 - 7*z**2 - 14*z - 7. What is the units digit of w(p)?
9
Suppose 3*m + 13113 = 4*l, l - 17*m = -13*m + 3262. What is the hundreds digit of l?
2
Suppose 7*n - 20458 = 3643. What is the tens digit of n?
4
Let q(t) be the first derivative of 3*t**2/2 + t - 7. What is the tens digit of q(6)?
1
Let a be ((-5)/(-1))/(-5*4/(-160)). What is the hundreds digit of 1 + (-2688)/(-22) + a/(-220)?
1
Let g = 47 - -70. What is the units digit of g?
7
Let i = -20 - -22. Suppose n - 4*f = i*n + 2, n - 8 = f. Suppose 0 = 5*q - n*q + 9. What is the units digit of q?
9
Suppose 146 - 15602 = -7*h. What is the thousands digit of h?
2
Let d(z) = z**3 - 3*z**2 - 3*z + 10. Let l be (-42)/(-8) - 3/12. Let s be d(l). Suppose 2*h + h - s = 0. What is the units digit of h?
5
Let r(s) = s**2 - 5*s**2 - 4*s**2 - s**2 + s - s**3. Let f be r(-10). Suppose -8*j + 6*j + f = 0. What is the units digit of j?
5
Let f(o) = -o + 11. Let j be f(4). Suppose 80 - 17 = -j*x. What is the tens digit of (-276)/x - (-16)/(-24)?
3
Suppose -6*y + 414 = -4*y. Suppose 2*g - y = -69. What is the tens digit of g?
6
Let l = -134 + 255. Suppose -c + 210 = 5*p, 2*c + l = 5*p - 74. What is the tens digit of p?
4
What is the units digit of (-519447)/(-81) + 28/378?
3
Let p be 1/(0 + (-2)/(-122)). Let w = 87 - p. What is the units digit of w?
6
Let r(h) = h**2 - 3*h - 13. Let c 